tive of w + 3 + 4/3*w**3 + 3/2*w**2 + 1/2*w**4. Suppose 6 = -3*u + 3*i, 10 = -5*u - 0*i - 5*i. Calculate d(u).
-5
Let x(k) be the third derivative of k**6/120 + k**4/24 - 5*k**3/6 - 2*k**2. Let s be 3*(4/(-3) - -1). Let v(c) = c**3 + c**2. Let b be v(s). Give x(b).
-5
Suppose 7*y = 3*y + 12. Let k(x) = -64*x**3 + 65*x**y + 2*x**2 + x + 1 - 3*x**2. Suppose 3*u = 3 + 3. What is k(u)?
7
Suppose 1 = -5*j - 4. Let t(v) be the first derivative of v**4/4 - 2*v**3/3 - v**2 - v + 9. Determine t(j).
-2
Let i(w) = w**2 - 5*w. Suppose 18 = 2*x + 2*q, -4*x + 5*q - 4 = 5. Let d(r) = -r**3 + 4*r**2 + 6. Let g be d(x). Determine i(g).
6
Let n(c) = -c**3 + 4*c**2 - 4*c + 2. Let g be 2 + -9 - 1*-2. Let m = 8 + g. Suppose -m*w + 4 = -5. What is n(w)?
-1
Let y be 0/1 - 8/(-4). Let m(d) = 3 + 2*d + d**2 - y - 3. Let c be ((-6)/4)/((-1)/(-2)). What is m(c)?
1
Let a(m) = 7*m**3 - m. Let c(v) = v**3 + 16*v**2 + 28*v + 1. Let n be c(-14). What is a(n)?
6
Let a(c) = -c**3 - c - 2. Let n = 0 - 6. Let u be (0/2)/(n + 7). What is a(u)?
-2
Let a(i) be the third derivative of i**5/40 - i**4/6 + 13*i**3/6 - 7*i**2. Let n(t) be the first derivative of a(t). Let z be 3 - (-1 - -1)/2. Calculate n(z).
5
Let q(v) = 3*v**2 - 2*v. Let f = -20 - -22. Calculate q(f).
8
Suppose 0 = 4*x + 5*c - 41, -4*c + 6*c + 10 = 5*x. Suppose x*f + 10 = -6. Let u(r) = r**3 + 3*r**2 - 4*r - 3. Determine u(f).
-3
Let f(a) = -7*a + 1. Let i(u) = -2 - u + 2. Let h(c) = f(c) - 6*i(c). Determine h(6).
-5
Let b(f) = -f**3 + f**2 - f + 7. Suppose -8 = -4*i + 4*n, 0*n = -3*i - 5*n + 30. Suppose i*d - 2 = 13. Let c = -3 + d. Determine b(c).
7
Let x be 0 - 0/(-3*1). Let k(r) = x - 6*r - r**2 + 6 + 9*r. What is k(5)?
-4
Let p(k) = 2*k**3 + k. Let m be (-3 + 3 - -2)*1/(-2). What is p(m)?
-3
Let q(p) = p**3 + 0*p**3 + 2 + 2*p + 0*p**3 + 4*p**2 - p. Give q(-3).
8
Let r(w) be the third derivative of w**5/60 + 5*w**4/24 + w**3 - w**2. Let d be r(-4). Let b(g) = -3*g**d - 3 + 2*g**2 + 2. Determine b(-2).
-5
Let c(y) be the second derivative of -y + 1/12*y**4 - 1/2*y**3 + 0 + 3/2*y**2. Calculate c(3).
3
Let h(j) = j**3 - 4*j**2 + 3*j + 4. Let u be (-1)/(1*(-2)/6) - 0. Determine h(u).
4
Let h(s) = s**2 + 5*s - 3. Let v(m) be the third derivative of -m**4/24 + m**3/6 + 2*m**2. Let k(d) = -h(d) - 6*v(d). Suppose 0 = -4*j + 22 - 10. What is k(j)?
-9
Let h = 1 + 9. Suppose -3*w + w + h = 0. Let u(v) = v**2 - v + 1. Let o(d) = -3*d**2 + 5*d + 4. Let z(p) = -o(p) - 2*u(p). Determine z(w).
4
Let d(o) be the first derivative of o**3/3 - o**2/2 - 6*o - 2. Let h(t) = -8 - t - 4*t + 4*t. Let c be h(-8). Determine d(c).
-6
Let j = 1 + 0. Let t be j + (-4)/2 - -3. Let r(k) = k**2 - k - 1. Let u(a) = -3*a**2 + 3*a + 4. Let i(y) = -4*r(y) - u(y). Give i(t).
-2
Let i(k) = -5 + 2 - k + 0*k**2 + 2*k**2. Let l(a) = -a**2 + 3. Let r(q) = -4*i(q) - 5*l(q). Let x = 5 + -3. What is r(x)?
-7
Let c be 0/(-2 + 0)*1. Let b(a) be the third derivative of -2*a**2 + c*a + 0 - 1/8*a**4 - 1/6*a**3. What is b(-1)?
2
Let r(x) = -10*x**2 - 8*x + 19. Let p(z) = 3*z**2 + 3*z - 6. Let f(q) = 7*p(q) + 2*r(q). Calculate f(-5).
-4
Let s(v) = 10 - v**2 + 0*v**2 + 3*v**2 - v**2 - 8*v. Let y be s(7). Let m(x) = 2 + 0 - x - 4*x**2 + 5*x**2. Determine m(y).
8
Let u(x) be the first derivative of 1/3*x**3 + 0*x - 2*x**2 + 1. Suppose 2*z + 5*l = -3*z + 25, -5*z + 4*l + 25 = 0. Calculate u(z).
5
Let d(g) be the third derivative of -g**6/120 - g**5/60 + g**4/12 - g**3/6 + 7*g**2. What is d(1)?
-1
Let h(d) = -d**3 + d**2 - 4. Let f(i) = -2*i - 3. Suppose -22 = 5*p + z + 3*z, 0 = -3*p - 3*z - 15. Let n be f(p). Let g = n + -1. Determine h(g).
-4
Suppose 0 = l + 7 - 2. Let p(y) = y - 9. Let a(c) = -c + 8. Let v(r) = -6*a(r) - 5*p(r). Calculate v(l).
-8
Let m(c) = -c**3 - 4*c**2 + 2. Suppose -5*y - 5*t + 33 = -y, -2*y + 9 = t. Suppose -5*i - 3*p = 14, 4*i + p - y = -16. What is m(i)?
2
Suppose -b + 3*d = -16, -3*b = -7*b - 3*d - 11. Let l be 1/(1/2) + b. Let f(u) = 5*u**2 - 1 + 3 - u**l + 0*u**3. Calculate f(5).
2
Let n be 1 - -1*15/3. Let a(r) = -3 - r + 3 - 2 + n. Suppose -3*k + 3*f + 18 = 0, -4*f = 4*k - 5*k + 18. Give a(k).
2
Let t(h) = -h**3 - h**2 - h + 1. Let s be t(-2). Suppose -4*r - s*v + 2*v - 1 = 0, -5 = 5*r + 5*v. Let w(k) = -k**3 - 5*k**2 - 4*k. Determine w(r).
0
Let r(x) be the first derivative of -3*x**2/2 - 1. Calculate r(4).
-12
Let u(s) be the first derivative of -5*s**4/4 - 23. Calculate u(1).
-5
Let w(a) = a - 3. Let j be w(3). Suppose 6*u - 3*u = j. Suppose u = 3*b + 4*i + 15 + 4, 0 = 5*b - 5*i + 20. Let s(f) = -f - 4. Give s(b).
1
Let c(o) = -5*o**2 + 0*o**2 + 4*o**2 - 6*o - 4. Let x(h) = h**2 - 4*h - 8. Let g be x(6). Suppose -3*b = -4*b - g. Calculate c(b).
4
Let z = 4 + 2. Let n(w) = -6*w**2 - 4*w + 3. Let g(d) = d**2 + 2*d - 1. Let l(h) = -5*g(h) - n(h). Calculate l(z).
2
Let k(b) = -b**3 - 3*b**2 + 3*b + 2. Suppose 2 + 19 = -7*l. Give k(l).
-7
Suppose -m = m - 20. Let f(k) = -4 - 3 + m - k. Determine f(6).
-3
Let s(w) = -w - 7. Let o = 14 - 24. Calculate s(o).
3
Let x(i) be the first derivative of i**3/3 + i**2/2 + 3*i + 2. Let h(k) = 2*k**2 + k + 1. Let m be h(-1). Let l be 0/((-5)/((-5)/m)). Determine x(l).
3
Suppose 2*k + k - 18 = -n, -3 = -n. Let a(v) = 3*v - v**2 - k + v + 3*v. What is a(4)?
7
Let f(s) = s**3 - 5*s**2 - s - 2. Let j(l) = -2*l**2 - 27*l + 19. Let u be j(-14). Determine f(u).
-7
Let g be (2 - 1/(-1)) + -1. Suppose 0 = -5*w + 11 - 1. Suppose -g*f + 18 = f + c, -3*f = w*c - 21. Let y(t) = t**3 - 5*t**2 + 2*t - 3. What is y(f)?
7
Let i(l) = -l**3 + l - 1. Suppose 5*p - 105 = -0*p. Let d = -23 + p. What is i(d)?
5
Suppose 5*a - 20 = a. Let x = a + -9. Let w(j) = j**2 + 7*j + 4. Let z(i) = i**2 + 8*i + 3. Let l(v) = 3*w(v) - 2*z(v). Determine l(x).
2
Let s(j) = 3*j**3 + 35*j**2 + 35*j - 6. Let w(k) = k**3 + 12*k**2 + 12*k - 2. Let g(p) = -6*s(p) + 17*w(p). Suppose 0 = 4*n - n + 15. Give g(n).
7
Let w(a) = -a**2 - 2*a + 4. Suppose 7*c - 37 + 51 = 0. What is w(c)?
4
Let t be (-1)/2 - (-3)/6. Let s(u) = u**2 + u - 8. Determine s(t).
-8
Suppose 1 + 1 = -2*c. Let w(u) = -3*u**3 + 2*u + 1. Calculate w(c).
2
Let g = -71 - -67. Let h(s) = s**3 + 3*s**2 - 5*s. Calculate h(g).
4
Let b = -2 - -7. Suppose -2*x - 5*i - 5 - 17 = 0, -13 = b*x + 2*i. Let r(y) = 4*y + 1. What is r(x)?
-3
Let w be (-8)/12 + 16/6. Let h = -5 + 8. Let y(i) = -3 + i**2 + h + w - 5*i. What is y(5)?
2
Let l(m) be the third derivative of m**6/20 + m**5/30 + m**4/12 + m**3/6 - 3*m**2. Let u be 14/3 + (-2)/3. Let s = 3 - u. Give l(s).
-5
Let t(g) = -g**2 - 6*g + 1. Let i be t(-5). Suppose 0 = i*v - 2*v + 8. Let n(m) = m**3 + m**2 + 3*m + 1. Calculate n(v).
-9
Let i(h) = h - 3. Let x = -51 + 57. Determine i(x).
3
Let q(g) = -14*g**2 - 2*g + 21. Let i(p) = -5*p**2 - p + 7. Let r(h) = -11*i(h) + 4*q(h). Give r(6).
-11
Let h(p) = p**3 + 7*p**2 + 7*p - 8. Let l(s) = s**2 + 12*s + 8. Let b be l(-10). Let o = 6 + b. What is h(o)?
-14
Let x(y) = -1. Let d(l) = l**3 + 4*l**2 - 6*l - 5. Let o(v) = d(v) - 6*x(v). Calculate o(-5).
6
Let r be 1/(-3 + (-6)/(-3)). Let z be ((-4)/(-8))/(r/10). Let v(g) = -g**2 - 5*g - 2. Give v(z).
-2
Let r(x) = -x**2 + 4*x + 5. Let s(i) = -2*i**2 + 20*i + 5. Let u be s(10). Give r(u).
0
Let r(p) = p**3 - 3*p**2 + 2*p - 6. Let b(u) = 2*u**3 - 2*u**2 + u - 5. Let i(j) = 2*b(j) - 3*r(j). What is i(-6)?
-4
Let d(q) = -3*q**3 - 9*q**2 - 7*q + 1. Let j(m) = -5*m**3 - 14*m**2 - 11*m + 2. Let w(h) = -8*d(h) + 5*j(h). Give w(3).
-4
Let s(l) be the third derivative of l**4/8 + 5*l**3/6 - 13*l**2. Suppose b = -3 + 8. Suppose z + 3*i + 1 = -0*z, -b = 2*z + 3*i. Calculate s(z).
-7
Let z(s) = -3*s**2 - 17*s + 18. Let k(y) = y**2 + 6*y - 6. Let r(l) = 8*k(l) + 3*z(l). What is r(-6)?
-12
Suppose 2*u = -2*u - 16. Let v(t) = t**3 + 3*t**2 - 3*t - 2. What is v(u)?
-6
Let y(j) = j**3 + 4*j**2 - 7*j - 1. Let s(z) = -z**3 + 3*z**2 - 2*z - 2. Let a be s(2). Let c be (a - 3)*(1 - 0). Calculate y(c).
9
Let u(h) = -4*h**3 + h**3 - 344 + 346 - 2*h + 3*h**2. Give u(2).
-14
Let x be 6*5/((-45)/6) - -1. Let b(s) = s**3 - 2*s**2 - 4*s - 4. Let r(t) = -t**2 - t. Let k(n) = b(n) - 4*r(n). What is k(x)?
-13
Let k be (-8)/10*(-5)/2. Let x(d) = 1 - 3736*d**3 - d**2 + 2 + 3*d**2 - 2*d + 3734*d**3. Calculate x(k).
-9
Let m be (4 + (-21)/5)/(-4). Let h(k) be the second derivative of m*k**